{"id":6844,"date":"2025-04-28T19:20:05","date_gmt":"2025-04-28T19:20:05","guid":{"rendered":"https:\/\/barbosasantander.com\/?post_type=product&#038;p=6844"},"modified":"2025-09-29T17:04:36","modified_gmt":"2025-09-29T17:04:36","slug":"arnes-de-4-argollas-con-herraje-en-acero-inoxidable-insafe","status":"publish","type":"product","link":"https:\/\/cursosalturas.com.co\/tienda\/producto\/arnes-de-4-argollas-con-herraje-en-acero-inoxidable-insafe\/","title":{"rendered":"Arn\u00e9s de 4 argollas con herraje en acero inoxidable Insafe"},"content":{"rendered":"<p>Este no es un arn\u00e9s m\u00e1s. Es parte de un sistema personal de detenci\u00f3n de ca\u00eddas certificado, fabricado en reata de poli\u00e9ster de alta tenacidad, con una capacidad que va desde 130 hasta 310 libras. Estilo en X y herrajes inoxidables. Para los que saben que en el trabajo en alturas no se improvisa: se prev\u00e9, se protege y se gana.<\/p>\n<h4>Marca<\/h4>\n<p>INSAFE<\/p>\n<p>&nbsp;<\/p>\n","protected":false},"excerpt":{"rendered":"<p>Arn\u00e9s 4 argollas en acero inoxidable. Reata de alta tenacidad y certificaci\u00f3n internacional.<\/p>\n","protected":false},"featured_media":6847,"comment_status":"closed","ping_status":"closed","template":"","meta":[],"product_brand":[],"product_cat":[48],"product_tag":[],"class_list":{"0":"post-6844","1":"product","2":"type-product","3":"status-publish","4":"has-post-thumbnail","6":"product_cat-arneses-multiproposito-para-trabajos-en-alturas-sin-faja-lumbar","8":"first","9":"instock","10":"taxable","11":"shipping-taxable","12":"purchasable","13":"product-type-simple"},"yoast_head":"<!-- This site is optimized with the Yoast SEO plugin v25.3 - https:\/\/yoast.com\/wordpress\/plugins\/seo\/ -->\n<title>Arn\u00e9s de 4 argollas con herraje en acero inoxidable Insafe - Cubik<\/title>\n<meta name=\"description\" content=\"Arn\u00e9s en X certificado, en reata poli\u00e9ster de alta tenacidad y herrajes inoxidables. Capacidad de 130 a 310 lb para m\u00e1xima seguridad en ca\u00eddas.\" \/>\n<meta name=\"robots\" content=\"index, follow, max-snippet:-1, max-image-preview:large, max-video-preview:-1\" \/>\n<link rel=\"canonical\" href=\"https:\/\/cursosalturas.com.co\/tienda\/producto\/arnes-de-4-argollas-con-herraje-en-acero-inoxidable-insafe\/\" \/>\n<meta property=\"og:locale\" content=\"es_ES\" \/>\n<meta property=\"og:type\" content=\"article\" \/>\n<meta property=\"og:title\" content=\"Arn\u00e9s de 4 argollas con herraje en acero inoxidable Insafe - Cubik\" \/>\n<meta property=\"og:description\" content=\"Arn\u00e9s en X certificado, en reata poli\u00e9ster de alta tenacidad y herrajes inoxidables. Capacidad de 130 a 310 lb para m\u00e1xima seguridad en ca\u00eddas.\" \/>\n<meta property=\"og:url\" content=\"https:\/\/cursosalturas.com.co\/tienda\/producto\/arnes-de-4-argollas-con-herraje-en-acero-inoxidable-insafe\/\" \/>\n<meta property=\"og:site_name\" content=\"Cubik\" \/>\n<meta property=\"article:modified_time\" content=\"2025-09-29T17:04:36+00:00\" \/>\n<meta property=\"og:image\" content=\"https:\/\/cursosalturas.com.co\/tienda\/wp-content\/uploads\/2025\/04\/D_NQ_NP_2X_925603-MLU76634324755_052024-F.webp\" \/>\n\t<meta property=\"og:image:width\" content=\"564\" \/>\n\t<meta property=\"og:image:height\" content=\"1031\" \/>\n\t<meta property=\"og:image:type\" content=\"image\/webp\" \/>\n<meta name=\"twitter:card\" content=\"summary_large_image\" \/>\n<meta name=\"twitter:label1\" content=\"Tiempo de lectura\" \/>\n\t<meta name=\"twitter:data1\" content=\"1 minuto\" \/>\n<script type=\"application\/ld+json\" class=\"yoast-schema-graph\">{\"@context\":\"https:\/\/schema.org\",\"@graph\":[{\"@type\":\"WebPage\",\"@id\":\"https:\/\/cursosalturas.com.co\/tienda\/producto\/arnes-de-4-argollas-con-herraje-en-acero-inoxidable-insafe\/\",\"url\":\"https:\/\/cursosalturas.com.co\/tienda\/producto\/arnes-de-4-argollas-con-herraje-en-acero-inoxidable-insafe\/\",\"name\":\"Arn\u00e9s de 4 argollas con herraje en acero inoxidable Insafe - Cubik\",\"isPartOf\":{\"@id\":\"https:\/\/cursosalturas.com.co\/tienda\/#website\"},\"primaryImageOfPage\":{\"@id\":\"https:\/\/cursosalturas.com.co\/tienda\/producto\/arnes-de-4-argollas-con-herraje-en-acero-inoxidable-insafe\/#primaryimage\"},\"image\":{\"@id\":\"https:\/\/cursosalturas.com.co\/tienda\/producto\/arnes-de-4-argollas-con-herraje-en-acero-inoxidable-insafe\/#primaryimage\"},\"thumbnailUrl\":\"https:\/\/cursosalturas.com.co\/tienda\/wp-content\/uploads\/2025\/04\/D_NQ_NP_2X_925603-MLU76634324755_052024-F.webp\",\"datePublished\":\"2025-04-28T19:20:05+00:00\",\"dateModified\":\"2025-09-29T17:04:36+00:00\",\"description\":\"Arn\u00e9s en X certificado, en reata poli\u00e9ster de alta tenacidad y herrajes inoxidables. Capacidad de 130 a 310 lb para m\u00e1xima seguridad en ca\u00eddas.\",\"breadcrumb\":{\"@id\":\"https:\/\/cursosalturas.com.co\/tienda\/producto\/arnes-de-4-argollas-con-herraje-en-acero-inoxidable-insafe\/#breadcrumb\"},\"inLanguage\":\"es\",\"potentialAction\":[{\"@type\":\"ReadAction\",\"target\":[\"https:\/\/cursosalturas.com.co\/tienda\/producto\/arnes-de-4-argollas-con-herraje-en-acero-inoxidable-insafe\/\"]}]},{\"@type\":\"ImageObject\",\"inLanguage\":\"es\",\"@id\":\"https:\/\/cursosalturas.com.co\/tienda\/producto\/arnes-de-4-argollas-con-herraje-en-acero-inoxidable-insafe\/#primaryimage\",\"url\":\"https:\/\/cursosalturas.com.co\/tienda\/wp-content\/uploads\/2025\/04\/D_NQ_NP_2X_925603-MLU76634324755_052024-F.webp\",\"contentUrl\":\"https:\/\/cursosalturas.com.co\/tienda\/wp-content\/uploads\/2025\/04\/D_NQ_NP_2X_925603-MLU76634324755_052024-F.webp\",\"width\":564,\"height\":1031,\"caption\":\"arnes de seguridad insafe\"},{\"@type\":\"BreadcrumbList\",\"@id\":\"https:\/\/cursosalturas.com.co\/tienda\/producto\/arnes-de-4-argollas-con-herraje-en-acero-inoxidable-insafe\/#breadcrumb\",\"itemListElement\":[{\"@type\":\"ListItem\",\"position\":1,\"name\":\"Portada\",\"item\":\"https:\/\/cursosalturas.com.co\/tienda\/\"},{\"@type\":\"ListItem\",\"position\":2,\"name\":\"Tienda\",\"item\":\"https:\/\/cursosalturas.com.co\/tienda\/tienda\/\"},{\"@type\":\"ListItem\",\"position\":3,\"name\":\"Arn\u00e9s de 4 argollas con herraje en acero inoxidable Insafe\"}]},{\"@type\":\"WebSite\",\"@id\":\"https:\/\/cursosalturas.com.co\/tienda\/#website\",\"url\":\"https:\/\/cursosalturas.com.co\/tienda\/\",\"name\":\"Cubik\",\"description\":\"Cursos certificados y Protecci\u00f3n contra ca\u00eddas en Trabajo de Alturas\",\"publisher\":{\"@id\":\"https:\/\/cursosalturas.com.co\/tienda\/#organization\"},\"potentialAction\":[{\"@type\":\"SearchAction\",\"target\":{\"@type\":\"EntryPoint\",\"urlTemplate\":\"https:\/\/cursosalturas.com.co\/tienda\/?s={search_term_string}\"},\"query-input\":{\"@type\":\"PropertyValueSpecification\",\"valueRequired\":true,\"valueName\":\"search_term_string\"}}],\"inLanguage\":\"es\"},{\"@type\":\"Organization\",\"@id\":\"https:\/\/cursosalturas.com.co\/tienda\/#organization\",\"name\":\"Cubik\",\"url\":\"https:\/\/cursosalturas.com.co\/tienda\/\",\"logo\":{\"@type\":\"ImageObject\",\"inLanguage\":\"es\",\"@id\":\"https:\/\/cursosalturas.com.co\/tienda\/#\/schema\/logo\/image\/\",\"url\":\"https:\/\/cursosalturas.com.co\/tienda\/wp-content\/uploads\/2025\/05\/cubik-logo-blanco.png\",\"contentUrl\":\"https:\/\/cursosalturas.com.co\/tienda\/wp-content\/uploads\/2025\/05\/cubik-logo-blanco.png\",\"width\":225,\"height\":64,\"caption\":\"Cubik\"},\"image\":{\"@id\":\"https:\/\/cursosalturas.com.co\/tienda\/#\/schema\/logo\/image\/\"}}]}<\/script>\n<!-- \/ Yoast SEO plugin. -->","yoast_head_json":{"title":"Arn\u00e9s de 4 argollas con herraje en acero inoxidable Insafe - Cubik","description":"Arn\u00e9s en X certificado, en reata poli\u00e9ster de alta tenacidad y herrajes inoxidables. Capacidad de 130 a 310 lb para m\u00e1xima seguridad en ca\u00eddas.","robots":{"index":"index","follow":"follow","max-snippet":"max-snippet:-1","max-image-preview":"max-image-preview:large","max-video-preview":"max-video-preview:-1"},"canonical":"https:\/\/cursosalturas.com.co\/tienda\/producto\/arnes-de-4-argollas-con-herraje-en-acero-inoxidable-insafe\/","og_locale":"es_ES","og_type":"article","og_title":"Arn\u00e9s de 4 argollas con herraje en acero inoxidable Insafe - Cubik","og_description":"Arn\u00e9s en X certificado, en reata poli\u00e9ster de alta tenacidad y herrajes inoxidables. Capacidad de 130 a 310 lb para m\u00e1xima seguridad en ca\u00eddas.","og_url":"https:\/\/cursosalturas.com.co\/tienda\/producto\/arnes-de-4-argollas-con-herraje-en-acero-inoxidable-insafe\/","og_site_name":"Cubik","article_modified_time":"2025-09-29T17:04:36+00:00","og_image":[{"width":564,"height":1031,"url":"https:\/\/cursosalturas.com.co\/tienda\/wp-content\/uploads\/2025\/04\/D_NQ_NP_2X_925603-MLU76634324755_052024-F.webp","type":"image\/webp"}],"twitter_card":"summary_large_image","twitter_misc":{"Tiempo de lectura":"1 minuto"},"schema":{"@context":"https:\/\/schema.org","@graph":[{"@type":"WebPage","@id":"https:\/\/cursosalturas.com.co\/tienda\/producto\/arnes-de-4-argollas-con-herraje-en-acero-inoxidable-insafe\/","url":"https:\/\/cursosalturas.com.co\/tienda\/producto\/arnes-de-4-argollas-con-herraje-en-acero-inoxidable-insafe\/","name":"Arn\u00e9s de 4 argollas con herraje en acero inoxidable Insafe - Cubik","isPartOf":{"@id":"https:\/\/cursosalturas.com.co\/tienda\/#website"},"primaryImageOfPage":{"@id":"https:\/\/cursosalturas.com.co\/tienda\/producto\/arnes-de-4-argollas-con-herraje-en-acero-inoxidable-insafe\/#primaryimage"},"image":{"@id":"https:\/\/cursosalturas.com.co\/tienda\/producto\/arnes-de-4-argollas-con-herraje-en-acero-inoxidable-insafe\/#primaryimage"},"thumbnailUrl":"https:\/\/cursosalturas.com.co\/tienda\/wp-content\/uploads\/2025\/04\/D_NQ_NP_2X_925603-MLU76634324755_052024-F.webp","datePublished":"2025-04-28T19:20:05+00:00","dateModified":"2025-09-29T17:04:36+00:00","description":"Arn\u00e9s en X certificado, en reata poli\u00e9ster de alta tenacidad y herrajes inoxidables. Capacidad de 130 a 310 lb para m\u00e1xima seguridad en ca\u00eddas.","breadcrumb":{"@id":"https:\/\/cursosalturas.com.co\/tienda\/producto\/arnes-de-4-argollas-con-herraje-en-acero-inoxidable-insafe\/#breadcrumb"},"inLanguage":"es","potentialAction":[{"@type":"ReadAction","target":["https:\/\/cursosalturas.com.co\/tienda\/producto\/arnes-de-4-argollas-con-herraje-en-acero-inoxidable-insafe\/"]}]},{"@type":"ImageObject","inLanguage":"es","@id":"https:\/\/cursosalturas.com.co\/tienda\/producto\/arnes-de-4-argollas-con-herraje-en-acero-inoxidable-insafe\/#primaryimage","url":"https:\/\/cursosalturas.com.co\/tienda\/wp-content\/uploads\/2025\/04\/D_NQ_NP_2X_925603-MLU76634324755_052024-F.webp","contentUrl":"https:\/\/cursosalturas.com.co\/tienda\/wp-content\/uploads\/2025\/04\/D_NQ_NP_2X_925603-MLU76634324755_052024-F.webp","width":564,"height":1031,"caption":"arnes de seguridad insafe"},{"@type":"BreadcrumbList","@id":"https:\/\/cursosalturas.com.co\/tienda\/producto\/arnes-de-4-argollas-con-herraje-en-acero-inoxidable-insafe\/#breadcrumb","itemListElement":[{"@type":"ListItem","position":1,"name":"Portada","item":"https:\/\/cursosalturas.com.co\/tienda\/"},{"@type":"ListItem","position":2,"name":"Tienda","item":"https:\/\/cursosalturas.com.co\/tienda\/tienda\/"},{"@type":"ListItem","position":3,"name":"Arn\u00e9s de 4 argollas con herraje en acero inoxidable Insafe"}]},{"@type":"WebSite","@id":"https:\/\/cursosalturas.com.co\/tienda\/#website","url":"https:\/\/cursosalturas.com.co\/tienda\/","name":"Cubik","description":"Cursos certificados y Protecci\u00f3n contra ca\u00eddas en Trabajo de Alturas","publisher":{"@id":"https:\/\/cursosalturas.com.co\/tienda\/#organization"},"potentialAction":[{"@type":"SearchAction","target":{"@type":"EntryPoint","urlTemplate":"https:\/\/cursosalturas.com.co\/tienda\/?s={search_term_string}"},"query-input":{"@type":"PropertyValueSpecification","valueRequired":true,"valueName":"search_term_string"}}],"inLanguage":"es"},{"@type":"Organization","@id":"https:\/\/cursosalturas.com.co\/tienda\/#organization","name":"Cubik","url":"https:\/\/cursosalturas.com.co\/tienda\/","logo":{"@type":"ImageObject","inLanguage":"es","@id":"https:\/\/cursosalturas.com.co\/tienda\/#\/schema\/logo\/image\/","url":"https:\/\/cursosalturas.com.co\/tienda\/wp-content\/uploads\/2025\/05\/cubik-logo-blanco.png","contentUrl":"https:\/\/cursosalturas.com.co\/tienda\/wp-content\/uploads\/2025\/05\/cubik-logo-blanco.png","width":225,"height":64,"caption":"Cubik"},"image":{"@id":"https:\/\/cursosalturas.com.co\/tienda\/#\/schema\/logo\/image\/"}}]}},"_links":{"self":[{"href":"https:\/\/cursosalturas.com.co\/tienda\/wp-json\/wp\/v2\/product\/6844","targetHints":{"allow":["GET"]}}],"collection":[{"href":"https:\/\/cursosalturas.com.co\/tienda\/wp-json\/wp\/v2\/product"}],"about":[{"href":"https:\/\/cursosalturas.com.co\/tienda\/wp-json\/wp\/v2\/types\/product"}],"replies":[{"embeddable":true,"href":"https:\/\/cursosalturas.com.co\/tienda\/wp-json\/wp\/v2\/comments?post=6844"}],"wp:featuredmedia":[{"embeddable":true,"href":"https:\/\/cursosalturas.com.co\/tienda\/wp-json\/wp\/v2\/media\/6847"}],"wp:attachment":[{"href":"https:\/\/cursosalturas.com.co\/tienda\/wp-json\/wp\/v2\/media?parent=6844"}],"wp:term":[{"taxonomy":"product_brand","embeddable":true,"href":"https:\/\/cursosalturas.com.co\/tienda\/wp-json\/wp\/v2\/product_brand?post=6844"},{"taxonomy":"product_cat","embeddable":true,"href":"https:\/\/cursosalturas.com.co\/tienda\/wp-json\/wp\/v2\/product_cat?post=6844"},{"taxonomy":"product_tag","embeddable":true,"href":"https:\/\/cursosalturas.com.co\/tienda\/wp-json\/wp\/v2\/product_tag?post=6844"}],"curies":[{"name":"wp","href":"https:\/\/api.w.org\/{rel}","templated":true}]}}