{"id":6877,"date":"2025-04-28T20:05:53","date_gmt":"2025-04-28T20:05:53","guid":{"rendered":"https:\/\/barbosasantander.com\/?post_type=product&#038;p=6877"},"modified":"2025-04-28T20:05:53","modified_gmt":"2025-04-28T20:05:53","slug":"arnes-anticaidas-de-sujeccion-pelvico-pectoral-en-x-con-5-puntos-orbit","status":"publish","type":"product","link":"https:\/\/cursosalturas.com.co\/tienda\/producto\/arnes-anticaidas-de-sujeccion-pelvico-pectoral-en-x-con-5-puntos-orbit\/","title":{"rendered":"Arn\u00e9s anticaidas de sujecci\u00f3n p\u00e9lvico-pectoral en x con 5 puntos Orbit"},"content":{"rendered":"<p>Marca orbit<\/p>\n","protected":false},"excerpt":{"rendered":"<p>Arn\u00e9s de seguridad de anclaje con argolla en D, tipo rescate, soporte lumbar y perneras acolchadas para mayor comodidad, especial para trabajos de suspeci\u00f3n y posici\u00f3n.<\/p>\n<p>Certificaci\u00f3n ansi z 359.1<\/p>\n<p>Marca Orbit<\/p>\n<p>&nbsp;<\/p>\n","protected":false},"featured_media":6878,"comment_status":"closed","ping_status":"closed","template":"","meta":[],"product_brand":[],"product_cat":[49],"product_tag":[],"class_list":{"0":"post-6877","1":"product","2":"type-product","3":"status-publish","4":"has-post-thumbnail","6":"product_cat-arneses-para-suspension-y-rescate","8":"first","9":"instock","10":"taxable","11":"shipping-taxable","12":"purchasable","13":"product-type-simple"},"yoast_head":"<!-- This site is optimized with the Yoast SEO plugin v25.3 - https:\/\/yoast.com\/wordpress\/plugins\/seo\/ -->\n<title>Arn\u00e9s anticaidas de sujecci\u00f3n p\u00e9lvico-pectoral en x con 5 puntos Orbit - Cubik<\/title>\n<meta name=\"robots\" content=\"index, follow, max-snippet:-1, max-image-preview:large, max-video-preview:-1\" \/>\n<link rel=\"canonical\" href=\"https:\/\/cursosalturas.com.co\/tienda\/producto\/arnes-anticaidas-de-sujeccion-pelvico-pectoral-en-x-con-5-puntos-orbit\/\" \/>\n<meta property=\"og:locale\" content=\"es_ES\" \/>\n<meta property=\"og:type\" content=\"article\" \/>\n<meta property=\"og:title\" content=\"Arn\u00e9s anticaidas de sujecci\u00f3n p\u00e9lvico-pectoral en x con 5 puntos Orbit - Cubik\" \/>\n<meta property=\"og:description\" content=\"Arn\u00e9s de seguridad de anclaje con argolla en D, tipo rescate, soporte lumbar y perneras acolchadas para mayor comodidad, especial para trabajos de suspeci\u00f3n y posici\u00f3n.  Certificaci\u00f3n ansi z 359.1  Marca Orbit  &nbsp;\" \/>\n<meta property=\"og:url\" content=\"https:\/\/cursosalturas.com.co\/tienda\/producto\/arnes-anticaidas-de-sujeccion-pelvico-pectoral-en-x-con-5-puntos-orbit\/\" \/>\n<meta property=\"og:site_name\" content=\"Cubik\" \/>\n<meta property=\"og:image\" content=\"https:\/\/cursosalturas.com.co\/tienda\/wp-content\/uploads\/2025\/04\/ARNES9.jpg\" \/>\n\t<meta property=\"og:image:width\" content=\"720\" \/>\n\t<meta property=\"og:image:height\" content=\"660\" \/>\n\t<meta property=\"og:image:type\" content=\"image\/jpeg\" \/>\n<meta name=\"twitter:card\" content=\"summary_large_image\" \/>\n<meta name=\"twitter:label1\" content=\"Tiempo de lectura\" \/>\n\t<meta name=\"twitter:data1\" content=\"1 minuto\" \/>\n<script type=\"application\/ld+json\" class=\"yoast-schema-graph\">{\"@context\":\"https:\/\/schema.org\",\"@graph\":[{\"@type\":\"WebPage\",\"@id\":\"https:\/\/cursosalturas.com.co\/tienda\/producto\/arnes-anticaidas-de-sujeccion-pelvico-pectoral-en-x-con-5-puntos-orbit\/\",\"url\":\"https:\/\/cursosalturas.com.co\/tienda\/producto\/arnes-anticaidas-de-sujeccion-pelvico-pectoral-en-x-con-5-puntos-orbit\/\",\"name\":\"Arn\u00e9s anticaidas de sujecci\u00f3n p\u00e9lvico-pectoral en x con 5 puntos Orbit - Cubik\",\"isPartOf\":{\"@id\":\"https:\/\/cursosalturas.com.co\/tienda\/#website\"},\"primaryImageOfPage\":{\"@id\":\"https:\/\/cursosalturas.com.co\/tienda\/producto\/arnes-anticaidas-de-sujeccion-pelvico-pectoral-en-x-con-5-puntos-orbit\/#primaryimage\"},\"image\":{\"@id\":\"https:\/\/cursosalturas.com.co\/tienda\/producto\/arnes-anticaidas-de-sujeccion-pelvico-pectoral-en-x-con-5-puntos-orbit\/#primaryimage\"},\"thumbnailUrl\":\"https:\/\/cursosalturas.com.co\/tienda\/wp-content\/uploads\/2025\/04\/ARNES9.jpg\",\"datePublished\":\"2025-04-28T20:05:53+00:00\",\"breadcrumb\":{\"@id\":\"https:\/\/cursosalturas.com.co\/tienda\/producto\/arnes-anticaidas-de-sujeccion-pelvico-pectoral-en-x-con-5-puntos-orbit\/#breadcrumb\"},\"inLanguage\":\"es\",\"potentialAction\":[{\"@type\":\"ReadAction\",\"target\":[\"https:\/\/cursosalturas.com.co\/tienda\/producto\/arnes-anticaidas-de-sujeccion-pelvico-pectoral-en-x-con-5-puntos-orbit\/\"]}]},{\"@type\":\"ImageObject\",\"inLanguage\":\"es\",\"@id\":\"https:\/\/cursosalturas.com.co\/tienda\/producto\/arnes-anticaidas-de-sujeccion-pelvico-pectoral-en-x-con-5-puntos-orbit\/#primaryimage\",\"url\":\"https:\/\/cursosalturas.com.co\/tienda\/wp-content\/uploads\/2025\/04\/ARNES9.jpg\",\"contentUrl\":\"https:\/\/cursosalturas.com.co\/tienda\/wp-content\/uploads\/2025\/04\/ARNES9.jpg\",\"width\":720,\"height\":660,\"caption\":\"arnes anticaidas marca orbit\"},{\"@type\":\"BreadcrumbList\",\"@id\":\"https:\/\/cursosalturas.com.co\/tienda\/producto\/arnes-anticaidas-de-sujeccion-pelvico-pectoral-en-x-con-5-puntos-orbit\/#breadcrumb\",\"itemListElement\":[{\"@type\":\"ListItem\",\"position\":1,\"name\":\"Portada\",\"item\":\"https:\/\/cursosalturas.com.co\/tienda\/\"},{\"@type\":\"ListItem\",\"position\":2,\"name\":\"Tienda\",\"item\":\"https:\/\/cursosalturas.com.co\/tienda\/tienda\/\"},{\"@type\":\"ListItem\",\"position\":3,\"name\":\"Arn\u00e9s anticaidas de sujecci\u00f3n p\u00e9lvico-pectoral en x con 5 puntos Orbit\"}]},{\"@type\":\"WebSite\",\"@id\":\"https:\/\/cursosalturas.com.co\/tienda\/#website\",\"url\":\"https:\/\/cursosalturas.com.co\/tienda\/\",\"name\":\"Cubik\",\"description\":\"Cursos certificados y Protecci\u00f3n contra ca\u00eddas en Trabajo de Alturas\",\"publisher\":{\"@id\":\"https:\/\/cursosalturas.com.co\/tienda\/#organization\"},\"potentialAction\":[{\"@type\":\"SearchAction\",\"target\":{\"@type\":\"EntryPoint\",\"urlTemplate\":\"https:\/\/cursosalturas.com.co\/tienda\/?s={search_term_string}\"},\"query-input\":{\"@type\":\"PropertyValueSpecification\",\"valueRequired\":true,\"valueName\":\"search_term_string\"}}],\"inLanguage\":\"es\"},{\"@type\":\"Organization\",\"@id\":\"https:\/\/cursosalturas.com.co\/tienda\/#organization\",\"name\":\"Cubik\",\"url\":\"https:\/\/cursosalturas.com.co\/tienda\/\",\"logo\":{\"@type\":\"ImageObject\",\"inLanguage\":\"es\",\"@id\":\"https:\/\/cursosalturas.com.co\/tienda\/#\/schema\/logo\/image\/\",\"url\":\"https:\/\/cursosalturas.com.co\/tienda\/wp-content\/uploads\/2025\/05\/cubik-logo-blanco.png\",\"contentUrl\":\"https:\/\/cursosalturas.com.co\/tienda\/wp-content\/uploads\/2025\/05\/cubik-logo-blanco.png\",\"width\":225,\"height\":64,\"caption\":\"Cubik\"},\"image\":{\"@id\":\"https:\/\/cursosalturas.com.co\/tienda\/#\/schema\/logo\/image\/\"}}]}<\/script>\n<!-- \/ Yoast SEO plugin. -->","yoast_head_json":{"title":"Arn\u00e9s anticaidas de sujecci\u00f3n p\u00e9lvico-pectoral en x con 5 puntos Orbit - Cubik","robots":{"index":"index","follow":"follow","max-snippet":"max-snippet:-1","max-image-preview":"max-image-preview:large","max-video-preview":"max-video-preview:-1"},"canonical":"https:\/\/cursosalturas.com.co\/tienda\/producto\/arnes-anticaidas-de-sujeccion-pelvico-pectoral-en-x-con-5-puntos-orbit\/","og_locale":"es_ES","og_type":"article","og_title":"Arn\u00e9s anticaidas de sujecci\u00f3n p\u00e9lvico-pectoral en x con 5 puntos Orbit - Cubik","og_description":"Arn\u00e9s de seguridad de anclaje con argolla en D, tipo rescate, soporte lumbar y perneras acolchadas para mayor comodidad, especial para trabajos de suspeci\u00f3n y posici\u00f3n.  Certificaci\u00f3n ansi z 359.1  Marca Orbit  &nbsp;","og_url":"https:\/\/cursosalturas.com.co\/tienda\/producto\/arnes-anticaidas-de-sujeccion-pelvico-pectoral-en-x-con-5-puntos-orbit\/","og_site_name":"Cubik","og_image":[{"width":720,"height":660,"url":"https:\/\/cursosalturas.com.co\/tienda\/wp-content\/uploads\/2025\/04\/ARNES9.jpg","type":"image\/jpeg"}],"twitter_card":"summary_large_image","twitter_misc":{"Tiempo de lectura":"1 minuto"},"schema":{"@context":"https:\/\/schema.org","@graph":[{"@type":"WebPage","@id":"https:\/\/cursosalturas.com.co\/tienda\/producto\/arnes-anticaidas-de-sujeccion-pelvico-pectoral-en-x-con-5-puntos-orbit\/","url":"https:\/\/cursosalturas.com.co\/tienda\/producto\/arnes-anticaidas-de-sujeccion-pelvico-pectoral-en-x-con-5-puntos-orbit\/","name":"Arn\u00e9s anticaidas de sujecci\u00f3n p\u00e9lvico-pectoral en x con 5 puntos Orbit - Cubik","isPartOf":{"@id":"https:\/\/cursosalturas.com.co\/tienda\/#website"},"primaryImageOfPage":{"@id":"https:\/\/cursosalturas.com.co\/tienda\/producto\/arnes-anticaidas-de-sujeccion-pelvico-pectoral-en-x-con-5-puntos-orbit\/#primaryimage"},"image":{"@id":"https:\/\/cursosalturas.com.co\/tienda\/producto\/arnes-anticaidas-de-sujeccion-pelvico-pectoral-en-x-con-5-puntos-orbit\/#primaryimage"},"thumbnailUrl":"https:\/\/cursosalturas.com.co\/tienda\/wp-content\/uploads\/2025\/04\/ARNES9.jpg","datePublished":"2025-04-28T20:05:53+00:00","breadcrumb":{"@id":"https:\/\/cursosalturas.com.co\/tienda\/producto\/arnes-anticaidas-de-sujeccion-pelvico-pectoral-en-x-con-5-puntos-orbit\/#breadcrumb"},"inLanguage":"es","potentialAction":[{"@type":"ReadAction","target":["https:\/\/cursosalturas.com.co\/tienda\/producto\/arnes-anticaidas-de-sujeccion-pelvico-pectoral-en-x-con-5-puntos-orbit\/"]}]},{"@type":"ImageObject","inLanguage":"es","@id":"https:\/\/cursosalturas.com.co\/tienda\/producto\/arnes-anticaidas-de-sujeccion-pelvico-pectoral-en-x-con-5-puntos-orbit\/#primaryimage","url":"https:\/\/cursosalturas.com.co\/tienda\/wp-content\/uploads\/2025\/04\/ARNES9.jpg","contentUrl":"https:\/\/cursosalturas.com.co\/tienda\/wp-content\/uploads\/2025\/04\/ARNES9.jpg","width":720,"height":660,"caption":"arnes anticaidas marca orbit"},{"@type":"BreadcrumbList","@id":"https:\/\/cursosalturas.com.co\/tienda\/producto\/arnes-anticaidas-de-sujeccion-pelvico-pectoral-en-x-con-5-puntos-orbit\/#breadcrumb","itemListElement":[{"@type":"ListItem","position":1,"name":"Portada","item":"https:\/\/cursosalturas.com.co\/tienda\/"},{"@type":"ListItem","position":2,"name":"Tienda","item":"https:\/\/cursosalturas.com.co\/tienda\/tienda\/"},{"@type":"ListItem","position":3,"name":"Arn\u00e9s anticaidas de sujecci\u00f3n p\u00e9lvico-pectoral en x con 5 puntos Orbit"}]},{"@type":"WebSite","@id":"https:\/\/cursosalturas.com.co\/tienda\/#website","url":"https:\/\/cursosalturas.com.co\/tienda\/","name":"Cubik","description":"Cursos certificados y Protecci\u00f3n contra ca\u00eddas en Trabajo de Alturas","publisher":{"@id":"https:\/\/cursosalturas.com.co\/tienda\/#organization"},"potentialAction":[{"@type":"SearchAction","target":{"@type":"EntryPoint","urlTemplate":"https:\/\/cursosalturas.com.co\/tienda\/?s={search_term_string}"},"query-input":{"@type":"PropertyValueSpecification","valueRequired":true,"valueName":"search_term_string"}}],"inLanguage":"es"},{"@type":"Organization","@id":"https:\/\/cursosalturas.com.co\/tienda\/#organization","name":"Cubik","url":"https:\/\/cursosalturas.com.co\/tienda\/","logo":{"@type":"ImageObject","inLanguage":"es","@id":"https:\/\/cursosalturas.com.co\/tienda\/#\/schema\/logo\/image\/","url":"https:\/\/cursosalturas.com.co\/tienda\/wp-content\/uploads\/2025\/05\/cubik-logo-blanco.png","contentUrl":"https:\/\/cursosalturas.com.co\/tienda\/wp-content\/uploads\/2025\/05\/cubik-logo-blanco.png","width":225,"height":64,"caption":"Cubik"},"image":{"@id":"https:\/\/cursosalturas.com.co\/tienda\/#\/schema\/logo\/image\/"}}]}},"_links":{"self":[{"href":"https:\/\/cursosalturas.com.co\/tienda\/wp-json\/wp\/v2\/product\/6877","targetHints":{"allow":["GET"]}}],"collection":[{"href":"https:\/\/cursosalturas.com.co\/tienda\/wp-json\/wp\/v2\/product"}],"about":[{"href":"https:\/\/cursosalturas.com.co\/tienda\/wp-json\/wp\/v2\/types\/product"}],"replies":[{"embeddable":true,"href":"https:\/\/cursosalturas.com.co\/tienda\/wp-json\/wp\/v2\/comments?post=6877"}],"wp:featuredmedia":[{"embeddable":true,"href":"https:\/\/cursosalturas.com.co\/tienda\/wp-json\/wp\/v2\/media\/6878"}],"wp:attachment":[{"href":"https:\/\/cursosalturas.com.co\/tienda\/wp-json\/wp\/v2\/media?parent=6877"}],"wp:term":[{"taxonomy":"product_brand","embeddable":true,"href":"https:\/\/cursosalturas.com.co\/tienda\/wp-json\/wp\/v2\/product_brand?post=6877"},{"taxonomy":"product_cat","embeddable":true,"href":"https:\/\/cursosalturas.com.co\/tienda\/wp-json\/wp\/v2\/product_cat?post=6877"},{"taxonomy":"product_tag","embeddable":true,"href":"https:\/\/cursosalturas.com.co\/tienda\/wp-json\/wp\/v2\/product_tag?post=6877"}],"curies":[{"name":"wp","href":"https:\/\/api.w.org\/{rel}","templated":true}]}}