{"id":8473,"date":"2025-09-25T23:44:11","date_gmt":"2025-09-25T23:44:11","guid":{"rendered":"https:\/\/cursosalturas.com.co\/tienda\/?post_type=product&#038;p=8473"},"modified":"2025-09-25T23:44:11","modified_gmt":"2025-09-25T23:44:11","slug":"arnes-bod-fast-version-internacional","status":"publish","type":"product","link":"https:\/\/cursosalturas.com.co\/tienda\/producto\/arnes-bod-fast-version-internacional\/","title":{"rendered":"ARNES BOD FAST VERSI\u00d3N INTERNACIONAL"},"content":{"rendered":"<h3>ARN\u00c9S CONFORTABLE ANTICA\u00cdDAS, DE SUJECI\u00d3N Y DE SUSPENSI\u00d3N SE HA DISE\u00d1ADO PARA PRIORIZAR EL<br \/>\nCONFORT EN CUALQUIER SITUACI\u00d3N PROVISTO DE PERNERAS CON HEBILLAS FASTY CINTURION SEMIRRIGIDO<br \/>\nPROPORCIONAN UNA SUJECI\u00d3N EXCELENTE<\/h3>\n<h4>\nCERTIFICACION ANSI Z359.11, NFPA 2500 CLASSE III, CSA Z259.10, CE EN 361,EN 358, CE EN 813, UKCA<br \/>\nMARCA PETZL<\/h4>\n","protected":false},"excerpt":{"rendered":"<h3>ARN\u00c9S CONFORTABLE ANTICA\u00cdDAS, DE SUJECI\u00d3N Y DE SUSPENSI\u00d3N SE HA DISE\u00d1ADO PARA PRIORIZAR EL<br \/>\nCONFORT EN CUALQUIER SITUACI\u00d3N PROVISTO DE PERNERAS CON HEBILLAS FASTY CINTURION SEMIRRIGIDO<br \/>\nPROPORCIONAN UNA SUJECI\u00d3N EXCELENTE<\/h3>\n","protected":false},"featured_media":8474,"comment_status":"closed","ping_status":"closed","template":"","meta":[],"product_brand":[],"product_cat":[48],"product_tag":[],"class_list":{"0":"post-8473","1":"product","2":"type-product","3":"status-publish","4":"has-post-thumbnail","6":"product_cat-arneses-multiproposito-para-trabajos-en-alturas-sin-faja-lumbar","8":"first","9":"instock","10":"taxable","11":"shipping-taxable","12":"purchasable","13":"product-type-simple"},"yoast_head":"<!-- This site is optimized with the Yoast SEO plugin v25.3 - https:\/\/yoast.com\/wordpress\/plugins\/seo\/ -->\n<title>ARNES BOD FAST VERSI\u00d3N INTERNACIONAL - Cubik<\/title>\n<meta name=\"description\" content=\"El arn\u00e9s est\u00e1 dise\u00f1ado para trabajos en altura, ofreciendo confort y seguridad. Una regulaci\u00f3n r\u00e1pida es ideal para trabajadores que requieren eficiencia y comodidad en el posicionamiento y descenso por cuerda.\" \/>\n<meta name=\"robots\" content=\"index, follow, max-snippet:-1, max-image-preview:large, max-video-preview:-1\" \/>\n<link rel=\"canonical\" href=\"https:\/\/cursosalturas.com.co\/tienda\/producto\/arnes-bod-fast-version-internacional\/\" \/>\n<meta property=\"og:locale\" content=\"es_ES\" \/>\n<meta property=\"og:type\" content=\"article\" \/>\n<meta property=\"og:title\" content=\"ARNES BOD FAST VERSI\u00d3N INTERNACIONAL - Cubik\" \/>\n<meta property=\"og:description\" content=\"El arn\u00e9s est\u00e1 dise\u00f1ado para trabajos en altura, ofreciendo confort y seguridad. Una regulaci\u00f3n r\u00e1pida es ideal para trabajadores que requieren eficiencia y comodidad en el posicionamiento y descenso por cuerda.\" \/>\n<meta property=\"og:url\" content=\"https:\/\/cursosalturas.com.co\/tienda\/producto\/arnes-bod-fast-version-internacional\/\" \/>\n<meta property=\"og:site_name\" content=\"Cubik\" \/>\n<meta property=\"og:image\" content=\"https:\/\/cursosalturas.com.co\/tienda\/wp-content\/uploads\/2025\/09\/C071DB00-AVAO-FAST-INT_LowRes-1.jpeg\" \/>\n\t<meta property=\"og:image:width\" content=\"662\" \/>\n\t<meta property=\"og:image:height\" content=\"1200\" \/>\n\t<meta property=\"og:image:type\" content=\"image\/jpeg\" \/>\n<meta name=\"twitter:card\" content=\"summary_large_image\" \/>\n<meta name=\"twitter:label1\" content=\"Tiempo de lectura\" \/>\n\t<meta name=\"twitter:data1\" content=\"1 minuto\" \/>\n<script type=\"application\/ld+json\" class=\"yoast-schema-graph\">{\"@context\":\"https:\/\/schema.org\",\"@graph\":[{\"@type\":\"WebPage\",\"@id\":\"https:\/\/cursosalturas.com.co\/tienda\/producto\/arnes-bod-fast-version-internacional\/\",\"url\":\"https:\/\/cursosalturas.com.co\/tienda\/producto\/arnes-bod-fast-version-internacional\/\",\"name\":\"ARNES BOD FAST VERSI\u00d3N INTERNACIONAL - Cubik\",\"isPartOf\":{\"@id\":\"https:\/\/cursosalturas.com.co\/tienda\/#website\"},\"primaryImageOfPage\":{\"@id\":\"https:\/\/cursosalturas.com.co\/tienda\/producto\/arnes-bod-fast-version-internacional\/#primaryimage\"},\"image\":{\"@id\":\"https:\/\/cursosalturas.com.co\/tienda\/producto\/arnes-bod-fast-version-internacional\/#primaryimage\"},\"thumbnailUrl\":\"https:\/\/cursosalturas.com.co\/tienda\/wp-content\/uploads\/2025\/09\/C071DB00-AVAO-FAST-INT_LowRes-1.jpeg\",\"datePublished\":\"2025-09-25T23:44:11+00:00\",\"description\":\"El arn\u00e9s est\u00e1 dise\u00f1ado para trabajos en altura, ofreciendo confort y seguridad. Una regulaci\u00f3n r\u00e1pida es ideal para trabajadores que requieren eficiencia y comodidad en el posicionamiento y descenso por cuerda.\",\"breadcrumb\":{\"@id\":\"https:\/\/cursosalturas.com.co\/tienda\/producto\/arnes-bod-fast-version-internacional\/#breadcrumb\"},\"inLanguage\":\"es\",\"potentialAction\":[{\"@type\":\"ReadAction\",\"target\":[\"https:\/\/cursosalturas.com.co\/tienda\/producto\/arnes-bod-fast-version-internacional\/\"]}]},{\"@type\":\"ImageObject\",\"inLanguage\":\"es\",\"@id\":\"https:\/\/cursosalturas.com.co\/tienda\/producto\/arnes-bod-fast-version-internacional\/#primaryimage\",\"url\":\"https:\/\/cursosalturas.com.co\/tienda\/wp-content\/uploads\/2025\/09\/C071DB00-AVAO-FAST-INT_LowRes-1.jpeg\",\"contentUrl\":\"https:\/\/cursosalturas.com.co\/tienda\/wp-content\/uploads\/2025\/09\/C071DB00-AVAO-FAST-INT_LowRes-1.jpeg\",\"width\":662,\"height\":1200},{\"@type\":\"BreadcrumbList\",\"@id\":\"https:\/\/cursosalturas.com.co\/tienda\/producto\/arnes-bod-fast-version-internacional\/#breadcrumb\",\"itemListElement\":[{\"@type\":\"ListItem\",\"position\":1,\"name\":\"Portada\",\"item\":\"https:\/\/cursosalturas.com.co\/tienda\/\"},{\"@type\":\"ListItem\",\"position\":2,\"name\":\"Tienda\",\"item\":\"https:\/\/cursosalturas.com.co\/tienda\/tienda\/\"},{\"@type\":\"ListItem\",\"position\":3,\"name\":\"ARNES BOD FAST VERSI\u00d3N INTERNACIONAL\"}]},{\"@type\":\"WebSite\",\"@id\":\"https:\/\/cursosalturas.com.co\/tienda\/#website\",\"url\":\"https:\/\/cursosalturas.com.co\/tienda\/\",\"name\":\"Cubik\",\"description\":\"Cursos certificados y Protecci\u00f3n contra ca\u00eddas en Trabajo de Alturas\",\"publisher\":{\"@id\":\"https:\/\/cursosalturas.com.co\/tienda\/#organization\"},\"potentialAction\":[{\"@type\":\"SearchAction\",\"target\":{\"@type\":\"EntryPoint\",\"urlTemplate\":\"https:\/\/cursosalturas.com.co\/tienda\/?s={search_term_string}\"},\"query-input\":{\"@type\":\"PropertyValueSpecification\",\"valueRequired\":true,\"valueName\":\"search_term_string\"}}],\"inLanguage\":\"es\"},{\"@type\":\"Organization\",\"@id\":\"https:\/\/cursosalturas.com.co\/tienda\/#organization\",\"name\":\"Cubik\",\"url\":\"https:\/\/cursosalturas.com.co\/tienda\/\",\"logo\":{\"@type\":\"ImageObject\",\"inLanguage\":\"es\",\"@id\":\"https:\/\/cursosalturas.com.co\/tienda\/#\/schema\/logo\/image\/\",\"url\":\"https:\/\/cursosalturas.com.co\/tienda\/wp-content\/uploads\/2025\/05\/cubik-logo-blanco.png\",\"contentUrl\":\"https:\/\/cursosalturas.com.co\/tienda\/wp-content\/uploads\/2025\/05\/cubik-logo-blanco.png\",\"width\":225,\"height\":64,\"caption\":\"Cubik\"},\"image\":{\"@id\":\"https:\/\/cursosalturas.com.co\/tienda\/#\/schema\/logo\/image\/\"}}]}<\/script>\n<!-- \/ Yoast SEO plugin. -->","yoast_head_json":{"title":"ARNES BOD FAST VERSI\u00d3N INTERNACIONAL - Cubik","description":"El arn\u00e9s est\u00e1 dise\u00f1ado para trabajos en altura, ofreciendo confort y seguridad. Una regulaci\u00f3n r\u00e1pida es ideal para trabajadores que requieren eficiencia y comodidad en el posicionamiento y descenso por cuerda.","robots":{"index":"index","follow":"follow","max-snippet":"max-snippet:-1","max-image-preview":"max-image-preview:large","max-video-preview":"max-video-preview:-1"},"canonical":"https:\/\/cursosalturas.com.co\/tienda\/producto\/arnes-bod-fast-version-internacional\/","og_locale":"es_ES","og_type":"article","og_title":"ARNES BOD FAST VERSI\u00d3N INTERNACIONAL - Cubik","og_description":"El arn\u00e9s est\u00e1 dise\u00f1ado para trabajos en altura, ofreciendo confort y seguridad. Una regulaci\u00f3n r\u00e1pida es ideal para trabajadores que requieren eficiencia y comodidad en el posicionamiento y descenso por cuerda.","og_url":"https:\/\/cursosalturas.com.co\/tienda\/producto\/arnes-bod-fast-version-internacional\/","og_site_name":"Cubik","og_image":[{"width":662,"height":1200,"url":"https:\/\/cursosalturas.com.co\/tienda\/wp-content\/uploads\/2025\/09\/C071DB00-AVAO-FAST-INT_LowRes-1.jpeg","type":"image\/jpeg"}],"twitter_card":"summary_large_image","twitter_misc":{"Tiempo de lectura":"1 minuto"},"schema":{"@context":"https:\/\/schema.org","@graph":[{"@type":"WebPage","@id":"https:\/\/cursosalturas.com.co\/tienda\/producto\/arnes-bod-fast-version-internacional\/","url":"https:\/\/cursosalturas.com.co\/tienda\/producto\/arnes-bod-fast-version-internacional\/","name":"ARNES BOD FAST VERSI\u00d3N INTERNACIONAL - Cubik","isPartOf":{"@id":"https:\/\/cursosalturas.com.co\/tienda\/#website"},"primaryImageOfPage":{"@id":"https:\/\/cursosalturas.com.co\/tienda\/producto\/arnes-bod-fast-version-internacional\/#primaryimage"},"image":{"@id":"https:\/\/cursosalturas.com.co\/tienda\/producto\/arnes-bod-fast-version-internacional\/#primaryimage"},"thumbnailUrl":"https:\/\/cursosalturas.com.co\/tienda\/wp-content\/uploads\/2025\/09\/C071DB00-AVAO-FAST-INT_LowRes-1.jpeg","datePublished":"2025-09-25T23:44:11+00:00","description":"El arn\u00e9s est\u00e1 dise\u00f1ado para trabajos en altura, ofreciendo confort y seguridad. Una regulaci\u00f3n r\u00e1pida es ideal para trabajadores que requieren eficiencia y comodidad en el posicionamiento y descenso por cuerda.","breadcrumb":{"@id":"https:\/\/cursosalturas.com.co\/tienda\/producto\/arnes-bod-fast-version-internacional\/#breadcrumb"},"inLanguage":"es","potentialAction":[{"@type":"ReadAction","target":["https:\/\/cursosalturas.com.co\/tienda\/producto\/arnes-bod-fast-version-internacional\/"]}]},{"@type":"ImageObject","inLanguage":"es","@id":"https:\/\/cursosalturas.com.co\/tienda\/producto\/arnes-bod-fast-version-internacional\/#primaryimage","url":"https:\/\/cursosalturas.com.co\/tienda\/wp-content\/uploads\/2025\/09\/C071DB00-AVAO-FAST-INT_LowRes-1.jpeg","contentUrl":"https:\/\/cursosalturas.com.co\/tienda\/wp-content\/uploads\/2025\/09\/C071DB00-AVAO-FAST-INT_LowRes-1.jpeg","width":662,"height":1200},{"@type":"BreadcrumbList","@id":"https:\/\/cursosalturas.com.co\/tienda\/producto\/arnes-bod-fast-version-internacional\/#breadcrumb","itemListElement":[{"@type":"ListItem","position":1,"name":"Portada","item":"https:\/\/cursosalturas.com.co\/tienda\/"},{"@type":"ListItem","position":2,"name":"Tienda","item":"https:\/\/cursosalturas.com.co\/tienda\/tienda\/"},{"@type":"ListItem","position":3,"name":"ARNES BOD FAST VERSI\u00d3N INTERNACIONAL"}]},{"@type":"WebSite","@id":"https:\/\/cursosalturas.com.co\/tienda\/#website","url":"https:\/\/cursosalturas.com.co\/tienda\/","name":"Cubik","description":"Cursos certificados y Protecci\u00f3n contra ca\u00eddas en Trabajo de Alturas","publisher":{"@id":"https:\/\/cursosalturas.com.co\/tienda\/#organization"},"potentialAction":[{"@type":"SearchAction","target":{"@type":"EntryPoint","urlTemplate":"https:\/\/cursosalturas.com.co\/tienda\/?s={search_term_string}"},"query-input":{"@type":"PropertyValueSpecification","valueRequired":true,"valueName":"search_term_string"}}],"inLanguage":"es"},{"@type":"Organization","@id":"https:\/\/cursosalturas.com.co\/tienda\/#organization","name":"Cubik","url":"https:\/\/cursosalturas.com.co\/tienda\/","logo":{"@type":"ImageObject","inLanguage":"es","@id":"https:\/\/cursosalturas.com.co\/tienda\/#\/schema\/logo\/image\/","url":"https:\/\/cursosalturas.com.co\/tienda\/wp-content\/uploads\/2025\/05\/cubik-logo-blanco.png","contentUrl":"https:\/\/cursosalturas.com.co\/tienda\/wp-content\/uploads\/2025\/05\/cubik-logo-blanco.png","width":225,"height":64,"caption":"Cubik"},"image":{"@id":"https:\/\/cursosalturas.com.co\/tienda\/#\/schema\/logo\/image\/"}}]}},"_links":{"self":[{"href":"https:\/\/cursosalturas.com.co\/tienda\/wp-json\/wp\/v2\/product\/8473","targetHints":{"allow":["GET"]}}],"collection":[{"href":"https:\/\/cursosalturas.com.co\/tienda\/wp-json\/wp\/v2\/product"}],"about":[{"href":"https:\/\/cursosalturas.com.co\/tienda\/wp-json\/wp\/v2\/types\/product"}],"replies":[{"embeddable":true,"href":"https:\/\/cursosalturas.com.co\/tienda\/wp-json\/wp\/v2\/comments?post=8473"}],"wp:featuredmedia":[{"embeddable":true,"href":"https:\/\/cursosalturas.com.co\/tienda\/wp-json\/wp\/v2\/media\/8474"}],"wp:attachment":[{"href":"https:\/\/cursosalturas.com.co\/tienda\/wp-json\/wp\/v2\/media?parent=8473"}],"wp:term":[{"taxonomy":"product_brand","embeddable":true,"href":"https:\/\/cursosalturas.com.co\/tienda\/wp-json\/wp\/v2\/product_brand?post=8473"},{"taxonomy":"product_cat","embeddable":true,"href":"https:\/\/cursosalturas.com.co\/tienda\/wp-json\/wp\/v2\/product_cat?post=8473"},{"taxonomy":"product_tag","embeddable":true,"href":"https:\/\/cursosalturas.com.co\/tienda\/wp-json\/wp\/v2\/product_tag?post=8473"}],"curies":[{"name":"wp","href":"https:\/\/api.w.org\/{rel}","templated":true}]}}