{"id":8532,"date":"2025-10-02T14:33:35","date_gmt":"2025-10-02T14:33:35","guid":{"rendered":"https:\/\/cursosalturas.com.co\/tienda\/?post_type=product&#038;p=8532"},"modified":"2025-10-02T14:33:35","modified_gmt":"2025-10-02T14:33:35","slug":"arnes-4-argollas-dielectrico-light-en-poliuretano","status":"publish","type":"product","link":"https:\/\/cursosalturas.com.co\/tienda\/producto\/arnes-4-argollas-dielectrico-light-en-poliuretano\/","title":{"rendered":"ARNES 4 ARGOLLAS DIELECTRICO LIGHT EN POLIURETANO"},"content":{"rendered":"<h5 align=\"justify\">Arn\u00e9s en X de cuerpo entero en reata polyester, con un dise\u00f1o c\u00f3modo y eficiente.<\/h5>\n<h5 align=\"justify\">Estas argollas diel\u00e9ctricas est\u00e1n elaboradas con materiales que evitan el oxido y la corrosi\u00f3n.<\/h5>\n<p align=\"justify\">CERTIFICACION ANSI Z 359.1 &#8211; 2007 &#8211; ANSI: A 10.32 &#8211; 2012.<br \/>\nMARCA INSAFE<\/p>\n<p align=\"justify\">\n<h3 align=\"justify\">Caracter\u00edsticas especificas<\/h3>\n<p align=\"justify\">&#8211; 1 argolla dorsal en \u201cD\u201d para la detenci\u00f3n y restricci\u00f3n de ca\u00eddas<\/p>\n<p align=\"justify\">-2 argollas laterales en \u201cD\u201d para que el usuario pueda posicionarse con facilidad<\/p>\n<p align=\"justify\">1 argolla frontal en \u201cD\u201d para ascenso un descenso controlado y seguro.<\/p>\n<p>&nbsp;<\/p>\n<p>&nbsp;<\/p>\n","protected":false},"excerpt":{"rendered":"<p align=\"justify\">Este arn\u00e9s esta elaborado con materiales de alta calidad para garantizar la mejor eficiencia al llevar a cabo su prop\u00f3sito, dise\u00f1ado para priorizar la comodidad y la seguridad con su dise\u00f1o en X de cuerpo entero en reata polyester<\/p>\n<p align=\"justify\">CERTIFICACION ANSI Z 359.1 &#8211; 2007 &#8211; ANSI: A 10.32 &#8211; 2012.<br \/>\nMARCA INSAFE<\/p>\n","protected":false},"featured_media":8534,"comment_status":"closed","ping_status":"closed","template":"","meta":[],"product_brand":[],"product_cat":[70],"product_tag":[],"class_list":{"0":"post-8532","1":"product","2":"type-product","3":"status-publish","4":"has-post-thumbnail","6":"product_cat-arnes-dielectrico","8":"first","9":"instock","10":"taxable","11":"shipping-taxable","12":"purchasable","13":"product-type-simple"},"yoast_head":"<!-- This site is optimized with the Yoast SEO plugin v25.3 - https:\/\/yoast.com\/wordpress\/plugins\/seo\/ -->\n<title>ARNES 4 ARGOLLAS DIELECTRICO LIGHT EN POLIURETANO - Cubik<\/title>\n<meta name=\"description\" content=\"arnes en X de cuerpo entero en polyester, cuatro hebillas elaboradas con materiales de alta calidad, dise\u00f1ado para priorizar la eficiencia en el trabajo\" \/>\n<meta name=\"robots\" content=\"index, follow, max-snippet:-1, max-image-preview:large, max-video-preview:-1\" \/>\n<link rel=\"canonical\" href=\"https:\/\/cursosalturas.com.co\/tienda\/producto\/arnes-4-argollas-dielectrico-light-en-poliuretano\/\" \/>\n<meta property=\"og:locale\" content=\"es_ES\" \/>\n<meta property=\"og:type\" content=\"article\" \/>\n<meta property=\"og:title\" content=\"ARNES 4 ARGOLLAS DIELECTRICO LIGHT EN POLIURETANO - Cubik\" \/>\n<meta property=\"og:description\" content=\"arnes en X de cuerpo entero en polyester, cuatro hebillas elaboradas con materiales de alta calidad, dise\u00f1ado para priorizar la eficiencia en el trabajo\" \/>\n<meta property=\"og:url\" content=\"https:\/\/cursosalturas.com.co\/tienda\/producto\/arnes-4-argollas-dielectrico-light-en-poliuretano\/\" \/>\n<meta property=\"og:site_name\" content=\"Cubik\" \/>\n<meta property=\"og:image\" content=\"https:\/\/cursosalturas.com.co\/tienda\/wp-content\/uploads\/2025\/10\/169337-1200-1200.webp\" \/>\n\t<meta property=\"og:image:width\" content=\"1200\" \/>\n\t<meta property=\"og:image:height\" content=\"1200\" \/>\n\t<meta property=\"og:image:type\" content=\"image\/webp\" \/>\n<meta name=\"twitter:card\" content=\"summary_large_image\" \/>\n<meta name=\"twitter:label1\" content=\"Tiempo de lectura\" \/>\n\t<meta name=\"twitter:data1\" content=\"1 minuto\" \/>\n<script type=\"application\/ld+json\" class=\"yoast-schema-graph\">{\"@context\":\"https:\/\/schema.org\",\"@graph\":[{\"@type\":\"WebPage\",\"@id\":\"https:\/\/cursosalturas.com.co\/tienda\/producto\/arnes-4-argollas-dielectrico-light-en-poliuretano\/\",\"url\":\"https:\/\/cursosalturas.com.co\/tienda\/producto\/arnes-4-argollas-dielectrico-light-en-poliuretano\/\",\"name\":\"ARNES 4 ARGOLLAS DIELECTRICO LIGHT EN POLIURETANO - Cubik\",\"isPartOf\":{\"@id\":\"https:\/\/cursosalturas.com.co\/tienda\/#website\"},\"primaryImageOfPage\":{\"@id\":\"https:\/\/cursosalturas.com.co\/tienda\/producto\/arnes-4-argollas-dielectrico-light-en-poliuretano\/#primaryimage\"},\"image\":{\"@id\":\"https:\/\/cursosalturas.com.co\/tienda\/producto\/arnes-4-argollas-dielectrico-light-en-poliuretano\/#primaryimage\"},\"thumbnailUrl\":\"https:\/\/cursosalturas.com.co\/tienda\/wp-content\/uploads\/2025\/10\/169337-1200-1200.webp\",\"datePublished\":\"2025-10-02T14:33:35+00:00\",\"description\":\"arnes en X de cuerpo entero en polyester, cuatro hebillas elaboradas con materiales de alta calidad, dise\u00f1ado para priorizar la eficiencia en el trabajo\",\"breadcrumb\":{\"@id\":\"https:\/\/cursosalturas.com.co\/tienda\/producto\/arnes-4-argollas-dielectrico-light-en-poliuretano\/#breadcrumb\"},\"inLanguage\":\"es\",\"potentialAction\":[{\"@type\":\"ReadAction\",\"target\":[\"https:\/\/cursosalturas.com.co\/tienda\/producto\/arnes-4-argollas-dielectrico-light-en-poliuretano\/\"]}]},{\"@type\":\"ImageObject\",\"inLanguage\":\"es\",\"@id\":\"https:\/\/cursosalturas.com.co\/tienda\/producto\/arnes-4-argollas-dielectrico-light-en-poliuretano\/#primaryimage\",\"url\":\"https:\/\/cursosalturas.com.co\/tienda\/wp-content\/uploads\/2025\/10\/169337-1200-1200.webp\",\"contentUrl\":\"https:\/\/cursosalturas.com.co\/tienda\/wp-content\/uploads\/2025\/10\/169337-1200-1200.webp\",\"width\":1200,\"height\":1200},{\"@type\":\"BreadcrumbList\",\"@id\":\"https:\/\/cursosalturas.com.co\/tienda\/producto\/arnes-4-argollas-dielectrico-light-en-poliuretano\/#breadcrumb\",\"itemListElement\":[{\"@type\":\"ListItem\",\"position\":1,\"name\":\"Portada\",\"item\":\"https:\/\/cursosalturas.com.co\/tienda\/\"},{\"@type\":\"ListItem\",\"position\":2,\"name\":\"Tienda\",\"item\":\"https:\/\/cursosalturas.com.co\/tienda\/tienda\/\"},{\"@type\":\"ListItem\",\"position\":3,\"name\":\"ARNES 4 ARGOLLAS DIELECTRICO LIGHT EN POLIURETANO\"}]},{\"@type\":\"WebSite\",\"@id\":\"https:\/\/cursosalturas.com.co\/tienda\/#website\",\"url\":\"https:\/\/cursosalturas.com.co\/tienda\/\",\"name\":\"Cubik\",\"description\":\"Cursos certificados y Protecci\u00f3n contra ca\u00eddas en Trabajo de Alturas\",\"publisher\":{\"@id\":\"https:\/\/cursosalturas.com.co\/tienda\/#organization\"},\"potentialAction\":[{\"@type\":\"SearchAction\",\"target\":{\"@type\":\"EntryPoint\",\"urlTemplate\":\"https:\/\/cursosalturas.com.co\/tienda\/?s={search_term_string}\"},\"query-input\":{\"@type\":\"PropertyValueSpecification\",\"valueRequired\":true,\"valueName\":\"search_term_string\"}}],\"inLanguage\":\"es\"},{\"@type\":\"Organization\",\"@id\":\"https:\/\/cursosalturas.com.co\/tienda\/#organization\",\"name\":\"Cubik\",\"url\":\"https:\/\/cursosalturas.com.co\/tienda\/\",\"logo\":{\"@type\":\"ImageObject\",\"inLanguage\":\"es\",\"@id\":\"https:\/\/cursosalturas.com.co\/tienda\/#\/schema\/logo\/image\/\",\"url\":\"https:\/\/cursosalturas.com.co\/tienda\/wp-content\/uploads\/2025\/05\/cubik-logo-blanco.png\",\"contentUrl\":\"https:\/\/cursosalturas.com.co\/tienda\/wp-content\/uploads\/2025\/05\/cubik-logo-blanco.png\",\"width\":225,\"height\":64,\"caption\":\"Cubik\"},\"image\":{\"@id\":\"https:\/\/cursosalturas.com.co\/tienda\/#\/schema\/logo\/image\/\"}}]}<\/script>\n<!-- \/ Yoast SEO plugin. -->","yoast_head_json":{"title":"ARNES 4 ARGOLLAS DIELECTRICO LIGHT EN POLIURETANO - Cubik","description":"arnes en X de cuerpo entero en polyester, cuatro hebillas elaboradas con materiales de alta calidad, dise\u00f1ado para priorizar la eficiencia en el trabajo","robots":{"index":"index","follow":"follow","max-snippet":"max-snippet:-1","max-image-preview":"max-image-preview:large","max-video-preview":"max-video-preview:-1"},"canonical":"https:\/\/cursosalturas.com.co\/tienda\/producto\/arnes-4-argollas-dielectrico-light-en-poliuretano\/","og_locale":"es_ES","og_type":"article","og_title":"ARNES 4 ARGOLLAS DIELECTRICO LIGHT EN POLIURETANO - Cubik","og_description":"arnes en X de cuerpo entero en polyester, cuatro hebillas elaboradas con materiales de alta calidad, dise\u00f1ado para priorizar la eficiencia en el trabajo","og_url":"https:\/\/cursosalturas.com.co\/tienda\/producto\/arnes-4-argollas-dielectrico-light-en-poliuretano\/","og_site_name":"Cubik","og_image":[{"width":1200,"height":1200,"url":"https:\/\/cursosalturas.com.co\/tienda\/wp-content\/uploads\/2025\/10\/169337-1200-1200.webp","type":"image\/webp"}],"twitter_card":"summary_large_image","twitter_misc":{"Tiempo de lectura":"1 minuto"},"schema":{"@context":"https:\/\/schema.org","@graph":[{"@type":"WebPage","@id":"https:\/\/cursosalturas.com.co\/tienda\/producto\/arnes-4-argollas-dielectrico-light-en-poliuretano\/","url":"https:\/\/cursosalturas.com.co\/tienda\/producto\/arnes-4-argollas-dielectrico-light-en-poliuretano\/","name":"ARNES 4 ARGOLLAS DIELECTRICO LIGHT EN POLIURETANO - Cubik","isPartOf":{"@id":"https:\/\/cursosalturas.com.co\/tienda\/#website"},"primaryImageOfPage":{"@id":"https:\/\/cursosalturas.com.co\/tienda\/producto\/arnes-4-argollas-dielectrico-light-en-poliuretano\/#primaryimage"},"image":{"@id":"https:\/\/cursosalturas.com.co\/tienda\/producto\/arnes-4-argollas-dielectrico-light-en-poliuretano\/#primaryimage"},"thumbnailUrl":"https:\/\/cursosalturas.com.co\/tienda\/wp-content\/uploads\/2025\/10\/169337-1200-1200.webp","datePublished":"2025-10-02T14:33:35+00:00","description":"arnes en X de cuerpo entero en polyester, cuatro hebillas elaboradas con materiales de alta calidad, dise\u00f1ado para priorizar la eficiencia en el trabajo","breadcrumb":{"@id":"https:\/\/cursosalturas.com.co\/tienda\/producto\/arnes-4-argollas-dielectrico-light-en-poliuretano\/#breadcrumb"},"inLanguage":"es","potentialAction":[{"@type":"ReadAction","target":["https:\/\/cursosalturas.com.co\/tienda\/producto\/arnes-4-argollas-dielectrico-light-en-poliuretano\/"]}]},{"@type":"ImageObject","inLanguage":"es","@id":"https:\/\/cursosalturas.com.co\/tienda\/producto\/arnes-4-argollas-dielectrico-light-en-poliuretano\/#primaryimage","url":"https:\/\/cursosalturas.com.co\/tienda\/wp-content\/uploads\/2025\/10\/169337-1200-1200.webp","contentUrl":"https:\/\/cursosalturas.com.co\/tienda\/wp-content\/uploads\/2025\/10\/169337-1200-1200.webp","width":1200,"height":1200},{"@type":"BreadcrumbList","@id":"https:\/\/cursosalturas.com.co\/tienda\/producto\/arnes-4-argollas-dielectrico-light-en-poliuretano\/#breadcrumb","itemListElement":[{"@type":"ListItem","position":1,"name":"Portada","item":"https:\/\/cursosalturas.com.co\/tienda\/"},{"@type":"ListItem","position":2,"name":"Tienda","item":"https:\/\/cursosalturas.com.co\/tienda\/tienda\/"},{"@type":"ListItem","position":3,"name":"ARNES 4 ARGOLLAS DIELECTRICO LIGHT EN POLIURETANO"}]},{"@type":"WebSite","@id":"https:\/\/cursosalturas.com.co\/tienda\/#website","url":"https:\/\/cursosalturas.com.co\/tienda\/","name":"Cubik","description":"Cursos certificados y Protecci\u00f3n contra ca\u00eddas en Trabajo de Alturas","publisher":{"@id":"https:\/\/cursosalturas.com.co\/tienda\/#organization"},"potentialAction":[{"@type":"SearchAction","target":{"@type":"EntryPoint","urlTemplate":"https:\/\/cursosalturas.com.co\/tienda\/?s={search_term_string}"},"query-input":{"@type":"PropertyValueSpecification","valueRequired":true,"valueName":"search_term_string"}}],"inLanguage":"es"},{"@type":"Organization","@id":"https:\/\/cursosalturas.com.co\/tienda\/#organization","name":"Cubik","url":"https:\/\/cursosalturas.com.co\/tienda\/","logo":{"@type":"ImageObject","inLanguage":"es","@id":"https:\/\/cursosalturas.com.co\/tienda\/#\/schema\/logo\/image\/","url":"https:\/\/cursosalturas.com.co\/tienda\/wp-content\/uploads\/2025\/05\/cubik-logo-blanco.png","contentUrl":"https:\/\/cursosalturas.com.co\/tienda\/wp-content\/uploads\/2025\/05\/cubik-logo-blanco.png","width":225,"height":64,"caption":"Cubik"},"image":{"@id":"https:\/\/cursosalturas.com.co\/tienda\/#\/schema\/logo\/image\/"}}]}},"_links":{"self":[{"href":"https:\/\/cursosalturas.com.co\/tienda\/wp-json\/wp\/v2\/product\/8532","targetHints":{"allow":["GET"]}}],"collection":[{"href":"https:\/\/cursosalturas.com.co\/tienda\/wp-json\/wp\/v2\/product"}],"about":[{"href":"https:\/\/cursosalturas.com.co\/tienda\/wp-json\/wp\/v2\/types\/product"}],"replies":[{"embeddable":true,"href":"https:\/\/cursosalturas.com.co\/tienda\/wp-json\/wp\/v2\/comments?post=8532"}],"wp:featuredmedia":[{"embeddable":true,"href":"https:\/\/cursosalturas.com.co\/tienda\/wp-json\/wp\/v2\/media\/8534"}],"wp:attachment":[{"href":"https:\/\/cursosalturas.com.co\/tienda\/wp-json\/wp\/v2\/media?parent=8532"}],"wp:term":[{"taxonomy":"product_brand","embeddable":true,"href":"https:\/\/cursosalturas.com.co\/tienda\/wp-json\/wp\/v2\/product_brand?post=8532"},{"taxonomy":"product_cat","embeddable":true,"href":"https:\/\/cursosalturas.com.co\/tienda\/wp-json\/wp\/v2\/product_cat?post=8532"},{"taxonomy":"product_tag","embeddable":true,"href":"https:\/\/cursosalturas.com.co\/tienda\/wp-json\/wp\/v2\/product_tag?post=8532"}],"curies":[{"name":"wp","href":"https:\/\/api.w.org\/{rel}","templated":true}]}}